 = 0, -o - 3*a = -0*a - 39. List the prime factors of o.
2, 3, 7
Suppose 0 = -4*l - f + 9639, -2*l + 4824 = -15*f + 17*f. What are the prime factors of l?
3, 11, 73
Suppose 165*o + 43002 = 183*o. List the prime factors of o.
2389
Let p = -7 - -22. Let v(a) = 5*a**2 - 4*a - 2. Let l be v(-1). Let x = p - l. What are the prime factors of x?
2
Let w be (-12365)/(-75) + (-2)/(-15). Let d be 2/7 - w/(-35). Suppose 0 = -5*r - d*i + 25, -r - i - 7 = -2*r. What are the prime factors of r?
2, 3
Let c(x) be the first derivative of 5*x**2/2 - 7*x + 13. What are the prime factors of c(6)?
23
List the prime factors of (1382/(-4))/(39/(-156)).
2, 691
Suppose 0 = 4*v - 2248 + 668. What are the prime factors of v?
5, 79
Suppose -s = 3*h - 825 - 35, -h = s - 284. What are the prime factors of h?
2, 3
Let q(k) = -4*k + 2. Let a(w) = 3*w - 2. Let s(l) = 3*a(l) + 2*q(l). List the prime factors of s(5).
3
Let g be (-14)/(-28) + (-5)/(-2). Let j = g - 1. List the prime factors of j/(-3) - 176/(-12).
2, 7
Let w(n) be the second derivative of n**5/20 - n**4 - n**3/6 + 4*n**2 - 3*n. Let v be w(12). What are the prime factors of (-4)/(1/(v*1))?
2
Let j(g) = -83*g**3 - g**2 + g + 1. Suppose -4*r + 4 = 8. List the prime factors of j(r).
2, 41
Let r(u) = 2*u**2 + 17*u + 249. List the prime factors of r(-20).
709
What are the prime factors of (3 + 2715)*16/48?
2, 3, 151
What are the prime factors of ((-1450)/35)/((12/63)/(-4))?
2, 3, 5, 29
What are the prime factors of 8577/6*14/21?
953
Let o be ((-5)/3)/((-4)/12). Let n be o + -2 - (0 + -101). Suppose -w - 2*w + j + n = 0, -5*w - 3*j + 192 = 0. What are the prime factors of w?
2, 3
Let x = -281 + 767. List the prime factors of x.
2, 3
Suppose 3*o = -2*o. Let c be 2 + o - 0/(-2). Suppose 48 = -c*l + 6*l. List the prime factors of l.
2, 3
Let s(z) = z**3 + 19*z**2 - 5*z - 2. List the prime factors of s(-17).
661
Let h = 142 - 85. Let m(x) = -x**2 + 10*x + 3. Let b be m(7). Suppose -b = -3*s + h. List the prime factors of s.
3
Let a(i) = 39*i - 8. List the prime factors of a(1).
31
Suppose 5*m - 5*c = 2480, -c + 15 = -4*c. What are the prime factors of m?
491
Let n be (-4)/6 + 870/(-18). Let z = -82 - n. Let r = 79 + z. What are the prime factors of r?
2, 23
Suppose 120 = 3*b - 486. List the prime factors of b.
2, 101
Suppose -5*q - 6*p + 2*p = -3795, 0 = p - 5. What are the prime factors of q?
5, 151
Suppose -r + 12 = r. Suppose -3*d = -12 + r. List the prime factors of d.
2
What are the prime factors of 582/(-48)*54*(0 + -4)?
3, 97
Suppose 90*c = 122*c - 142048. What are the prime factors of c?
23, 193
Let c(g) = g**3 - g**2 + g - 1. Let v(i) = -6*i**3 + 15*i**2 - 9*i + 3. Let y(w) = 5*c(w) + v(w). List the prime factors of y(9).
43
Let n = 772 - 298. List the prime factors of n.
2, 3, 79
Suppose 4*q = 12*q - 952. List the prime factors of q.
7, 17
Let h(b) = 4730*b**2 - 8*b - 8. What are the prime factors of h(-1)?
2, 5, 11, 43
Suppose 0 = -v + 5*i + 551, i = -3*v - 2*i + 1599. Suppose 219 = 5*k - v. List the prime factors of k.
151
Suppose 3*j = l + 4738, -4*l + 2081 = -3*j + 6831. List the prime factors of j.
2, 3, 263
Suppose 0 = 49*t - 125275 + 41338. What are the prime factors of t?
3, 571
Let p be (-2)/(-2) - (-5 - -7 - 3). Suppose -d + 2*d = -60. Let s = p - d. What are the prime factors of s?
2, 31
Let d be (-28340)/(-90) - 2/(-18). Suppose -3*c - 2*j + 196 + 324 = 0, d = 2*c - 5*j. What are the prime factors of c?
2, 5, 17
Suppose 5*c - 26 - 54 = 5*f, 5*f = -4*c - 107. Let d = 61 + f. List the prime factors of d.
2, 3, 7
Let f = 736 - 281. What are the prime factors of f?
5, 7, 13
Let d(b) = -41*b**2 + 2*b + 50*b**2 + b**3 - b - 3. What are the prime factors of d(-8)?
53
Let s be 2/((18/(-51))/(-3)) + 0. Suppose 0 = -4*x + 38 + 46. What are the prime factors of s*(-7)/(x/(-6))?
2, 17
Let i = -120 - -288. Let r be 1/(3/(-58))*6. Let t = i + r. List the prime factors of t.
2, 13
Suppose -7 + 1 = -2*z. Suppose -7*c + z*c = -52. List the prime factors of c.
13
Suppose 2*b - 10 = -0*q - q, -q + 15 = 3*b. Let r(x) = 11 - 6 + 24*x - b*x. What are the prime factors of r(3)?
2, 31
Let f(x) be the second derivative of 5/12*x**4 - 1/20*x**5 + x**3 + 0 + 3/2*x**2 - 9*x. What are the prime factors of f(5)?
3, 11
Let u = 640 - 387. List the prime factors of u.
11, 23
Suppose 2*q + 4*u = 9*u + 861, -3*q - u = -1334. What are the prime factors of q?
443
Suppose 2*z + 5*o - 2785 = 1636, 12 = 4*o. What are the prime factors of z?
2203
Let z = -69 - -305. Suppose 8 = 2*s, -a + 4*s + z = -0*s. List the prime factors of a.
2, 3, 7
Let h = 572 - 249. What are the prime factors of h?
17, 19
Let b be (2 + 0)*26*2. Suppose 4*k - 24 = b. Let j = 46 - k. List the prime factors of j.
2, 7
Let o(n) = -n**3 - 3*n**2 - n - 3. Let t be o(-3). Suppose t = -5*h + h + 144. List the prime factors of h.
2, 3
Suppose -3*b + b - 1 = 3*i, -b = i. Let v be -1 + 1/(i/8). What are the prime factors of 4/6 - 462/v?
2, 13
Let q = -21 + 25. Suppose 0 = -q*j + 17 - 1. Suppose -2*f + 4 = -j. List the prime factors of f.
2
Suppose -10*m + 6 = -124. Suppose -162 = -m*t + 7*t. List the prime factors of t.
3
Let g be (-5 - 222/(-15)) + (-2)/(-10). Let t(w) = w**3 - 9*w**2 - 5*w - 5. What are the prime factors of t(g)?
3, 5
Let y(x) = x - 5. Let u be y(8). Suppose 0 = 5*c - u*c - 98. Suppose 5 = -2*o + c. What are the prime factors of o?
2, 11
Let t = 780 + 572. What are the prime factors of t?
2, 13
Suppose 32*w = 41*w - 7254. What are the prime factors of w?
2, 13, 31
Let h = 2822 + 959. What are the prime factors of h?
19, 199
Let o = 264 - 155. Suppose 6*w - o = 185. What are the prime factors of w?
7
Let q(k) = 5*k + 5*k**3 + 4 - 4*k**3 + 6*k**2 + k. Let p be q(-5). What are the prime factors of 40 - (-4 + (-5)/p)?
3, 13
Suppose 8*i - 10*i + 760 = 0. Suppose 0*x - i = -5*x. What are the prime factors of x?
2, 19
Let w be -2*58/4 - (6 - 9). Let s = 7 - w. List the prime factors of s.
3, 11
Suppose -m - 3*p + 1288 = 0, 4*m + 3*p + 1098 - 6241 = 0. What are the prime factors of m?
5, 257
Suppose h = 3*m - 2997 + 668, 4*m - 3110 = -h. List the prime factors of m.
3, 7, 37
Suppose x - 14201 = -3*o + 2548, 4*o - x - 22332 = 0. What are the prime factors of o?
3, 1861
What are the prime factors of (-23)/((60/(-636))/5)?
23, 53
Suppose 3*y = 5*b - 3*b + 427, -10 = 5*b. What are the prime factors of y?
3, 47
Suppose -5*n + 21 = -24. Suppose 4*m + 45 = n*m. List the prime factors of m.
3
Suppose 500 = 4*i - 2*q, 5*i - 2*q = 589 + 38. Suppose 2*u + 4*w - 224 = -2*u, -w - i = -2*u. What are the prime factors of u?
61
Let x be (1*(-3)/1)/(-1). Let m(b) = b**3 + 0*b + 3 + 5*b - b**2 - 7*b. List the prime factors of m(x).
3, 5
Let l = -834 - -1418. What are the prime factors of l?
2, 73
Suppose -216 = -3*s - 3*s. List the prime factors of (2 - (-5)/(-5)) + s/1.
37
Let y(r) = r**2 + 6*r - 5. Let d be y(-7). Suppose d*p + 23 - 243 = 0. What are the prime factors of p?
2, 5, 11
Suppose 2*s + 3*s = 30. Suppose -4*l - 18 = -s. Let r = l - -24. List the prime factors of r.
3, 7
Suppose -6855 = 13*b - 16*b - 5*q, 0 = b + 5*q - 2285. What are the prime factors of b?
5, 457
Let d(q) = 4*q**2 - 3*q + 5. Let r(f) = -f**3 - 4*f**2 + 9*f - 14. Let o be r(-6). What are the prime factors of d(o)?
3, 19
Let i = 1339 + -1073. What are the prime factors of i?
2, 7, 19
Let u(b) = b**2 - 23*b - 60. List the prime factors of u(38).
2, 3, 5, 17
Let f(x) = 21*x + 1593. List the prime factors of f(0).
3, 59
What are the prime factors of (3/(-2))/(3969/994 + -4)?
3, 71
Let x(a) = a**3 + 2*a**2 + 19*a + 1456. List the prime factors of x(0).
2, 7, 13
Let s(i) = -27*i - 94. List the prime factors of s(-20).
2, 223
Let l(u) = -2*u - 14. Let f be l(10). Suppose 16*s = 12*s - 60. Let h = s - f. What are the prime factors of h?
19
Let w(k) = 3 + 6*k**2 + 4*k - 19 - k. List the prime factors of w(6).
2, 109
Let a(j) = 2*j**2 + 6*j + 5. Let z be a(-3). Suppose s = -4*t + 247, 317 = z*t + s + 3*s. List the prime factors of t.
61
Suppose 2*y + y = -2*k - 484, 5*y + 5*k = -805. Let q be (-21)/49 + y/14. Let l = 1 - q. List the prime factors of l.
13
Let o = 156 + 225. What are the prime factors of o?
3, 127
Let f(c) = 3*c**2 + 5*c - 33. Let k be f(-8). Let n(z) = -29*z. Let l be n(2). Let q = l + k. What a